 of 184?
False
Is 121732 a multiple of 26?
True
Is 15678727 a multiple of 51?
False
Is 134676 a multiple of 12?
True
Is 71712 a multiple of 54?
True
Is 1311 a factor of 1240206?
True
Does 8 divide 640553?
False
Does 22 divide 36476?
True
Is 17806500 a multiple of 45?
True
Is 236 a factor of 571828?
True
Is 40985 a multiple of 7?
True
Does 15 divide 80115?
True
Does 146 divide 2934675?
False
Is 43031 a multiple of 176?
False
Is 36 a factor of 1509299?
False
Does 95 divide 812725?
True
Is 124 a factor of 10660665?
False
Is 82146 a multiple of 19?
False
Is 11 a factor of 10285?
True
Is 3 a factor of 66123?
True
Is 11 a factor of 4651108?
True
Is 589 a factor of 397575?
True
Is 858048 a multiple of 48?
True
Is 117 a factor of 714101?
False
Is 86084 a multiple of 22?
False
Is 255793 a multiple of 31?
False
Is 2014866 a multiple of 6?
True
Is 1060 a factor of 270538?
False
Does 4 divide 184400?
True
Is 1957954 a multiple of 729?
False
Is 137290 a multiple of 651?
False
Is 2824 a multiple of 8?
True
Is 805420 a multiple of 140?
True
Is 35 a factor of 5140835?
True
Is 1422720 a multiple of 20?
True
Is 137 a factor of 304985?
False
Is 1228061 a multiple of 39?
False
Is 414 a factor of 15464556?
True
Is 10 a factor of 736297?
False
Is 587 a factor of 1904228?
True
Is 2214655 a multiple of 1073?
False
Is 59202 a multiple of 143?
True
Does 158 divide 4157398?
False
Is 20 a factor of 400180?
True
Is 10 a factor of 61200?
True
Does 5 divide 15068?
False
Does 19 divide 1188184?
True
Is 80 a factor of 415200?
True
Is 10866312 a multiple of 71?
False
Is 152891 a multiple of 268?
False
Does 607 divide 1091993?
True
Is 12 a factor of 1009854?
False
Is 713 a factor of 21153515?
False
Is 14 a factor of 172108?
False
Is 108 a factor of 3890698?
False
Is 56 a factor of 4561579?
False
Does 17 divide 224179?
True
Does 103 divide 566382?
False
Is 1365 a factor of 1321320?
True
Is 297 a factor of 624933?
False
Does 18 divide 16182?
True
Does 50 divide 15271400?
True
Is 2360280 a multiple of 85?
True
Is 19 a factor of 12407?
True
Does 235 divide 110215?
True
Does 40 divide 309553?
False
Does 80 divide 17246720?
True
Is 7837830 a multiple of 870?
True
Is 486514 a multiple of 62?
True
Is 39669 a multiple of 35?
False
Is 34484 a multiple of 91?
False
Is 383 a factor of 146440?
False
Does 702 divide 1917255?
False
Is 352044 a multiple of 396?
True
Is 3423063 a multiple of 4?
False
Is 115 a factor of 690336?
False
Is 70 a factor of 237370?
True
Does 28 divide 3296922?
False
Is 14 a factor of 33474?
True
Does 3 divide 70242?
True
Is 2002 a multiple of 144?
False
Is 547 a factor of 2616210?
False
Is 12 a factor of 718668?
True
Is 93 a factor of 8376701?
False
Does 25 divide 220850?
True
Is 8 a factor of 823552?
True
Does 155 divide 248781?
False
Is 1145105 a multiple of 1409?
False
Does 1133 divide 7080117?
True
Does 20 divide 1489480?
True
Is 11 a factor of 1429472?
True
Is 120363 a multiple of 27?
False
Is 457 a factor of 310245?
False
Is 343037 a multiple of 89?
False
Is 100 a factor of 41248?
False
Does 23 divide 1733570?
False
Is 404 a factor of 4767200?
True
Does 390 divide 5093400?
True
Does 164 divide 147108?
True
Does 10 divide 7370993?
False
Is 940 a factor of 564000?
True
Is 366966 a multiple of 58?
True
Is 51 a factor of 2749127?
False
Does 43 divide 81522?
False
Is 638 a factor of 28415244?
True
Is 19 a factor of 449141?
True
Is 167 a factor of 36573?
True
Is 8216 a multiple of 72?
False
Is 156434 a multiple of 54?
False
Does 10 divide 1230050?
True
Is 1175 a factor of 3740025?
True
Does 24 divide 195336?
True
Does 24 divide 9850243?
False
Is 60 a factor of 15540?
True
Does 42 divide 307776?
True
Does 8 divide 12325791?
False
Is 10 a factor of 366400?
True
Does 68 divide 189924?
True
Does 5 divide 276310?
True
Does 94 divide 137277?
False
Is 6358342 a multiple of 9?
False
Is 103836 a multiple of 242?
False
Is 256320 a multiple of 178?
True
Is 7 a factor of 459281?
False
Is 14380 a multiple of 20?
True
Is 16 a factor of 91839?
False
Is 123 a factor of 957309?
True
Is 94 a factor of 1394490?
True
Is 5990392 a multiple of 136?
True
Is 84 a factor of 106092?
True
Is 52686 a multiple of 6?
True
Is 1535575 a multiple of 25?
True
Is 413 a factor of 8828701?
True
Does 5 divide 288379?
False
Is 161 a factor of 72070?
False
Is 9 a factor of 645079?
False
Does 308 divide 41272?
True
Is 15 a factor of 785272?
False
Is 163873 a multiple of 40?
False
Does 4 divide 1637178?
False
Is 829426 a multiple of 3?
False
Is 365378 a multiple of 611?
True
Is 3819615 a multiple of 30?
False
Is 331719 a multiple of 16?
False
Is 11080619 a multiple of 43?
False
Is 22 a factor of 9450980?
True
Is 446541 a multiple of 84?
False
Does 23 divide 40324?
False
Is 76 a factor of 56269?
False
Is 15 a factor of 2444694?
False
Does 694 divide 654442?
True
Does 2427 divide 18525716?
False
Does 36 divide 366012?
True
Does 32 divide 128?
True
Does 213 divide 5902272?
False
Is 1539118 a multiple of 437?
False
Is 9450 a multiple of 18?
True
Is 51 a factor of 444567?
True
Is 473520 a multiple of 633?
False
Does 8 divide 52512?
True
Is 53 a factor of 9586852?
True
Does 26 divide 14092?
True
Does 8 divide 11642?
False
Is 17 a factor of 142018?
True
Does 46 divide 3539056?
True
Is 27 a factor of 60507?
True
Is 8 a factor of 8632?
True
Is 113886 a multiple of 19?
True
Does 26 divide 51135?
False
Is 298 a factor of 281312?
True
Does 197 divide 163510?
True
Is 137530 a multiple of 23?
False
Is 2930056 a multiple of 541?
True
Is 72 a factor of 297444?
False
Does 9 divide 16385859?
True
Does 13 divide 198278?
False
Is 1240890 a multiple of 798?
True
Is 18 a factor of 8227852?
False
Is 208 a factor of 1960124?
False
Is 1137904 even?
True
Is 48 a factor of 13238352?
True
Is 383 a factor of 6486565?
False
Does 841 divide 1334667?
True
Is 11 a factor of 668066?
False
Does 2872 divide 10974921?
False
Does 19 divide 2126860?
True
Does 8 divide 160159?
False
Does 27 divide 237160?
False
Is 326 a factor of 12260?
False
Is 20309402 a multiple of 1710?
False
Is 2353080 a multiple of 30?
True
Is 972 a factor of 2789161?
False
Is 2356681 a multiple of 15?
False
Is 7 a factor of 328015?
False
Does 173 divide 498798?
False
Is 2981308 a multiple of 9?
False
Does 396 divide 1579896?
False
Is 5287344 a multiple of 14?
False
Does 771 divide 567510?
False
Does 19 divide 777731?
False
Is 19976 a multiple of 8?
True
Is 20 a factor of 42700?
True
Is 233284 a multiple of 102?
False
Is 14 a factor of 23135?
False
Is 116 a factor of 140824?
True
Is 188 a factor of 379948?
True
Is 48 a factor of 5743248?
True
Is 2267205 a multiple of 255?
True
Is 24 a factor of 232766?
False
Does 18 divide 3540019?
False
Is 74 a factor of 811019?
False
Does 571 divide 4859781?
True
Does 302 divide 3913209?
False
Does 28 divide 99344?
True
Does 20 divide 40560?
True
Is 16 a factor of 2817281?
False
Is 81 a factor of 1518160?
False
Is 1133523 a multiple of 387?
True
Is 41706 a multiple of 44?
False
Is 401642 a multiple of 34?
True
Does 226 divide 134914?
False
Is 132489 a multiple of 119?
False
Is 85729 a multiple of 36?
False
Is 111699 a multiple of 15?
False
Is 3217140 a multiple of 879?
True
Is 5821061 a multiple of 711?
False
Does 94 divide 4196536?
True
Does 88 divide 3442834?
False
Is 16 a factor of 604559?
False
Is 17 a factor of 1055120?
False
Is 17 a factor of 138516?
True
Is 129198 a multiple of 6?
True
Is 553795 a multiple of 109?
False
Does 60 divide 5574600?
True
Is 920480 a multiple of 124?
False
Is 279 a factor of 754695?
True
Is 81498 a multiple of 51?
True
Is 235 a factor of 764133?
False
Is 45 a factor of 4397355?
True
Does 23 divide 17258?
False
Does 274 divide 2135830?
True
Is 159791 a multiple of 649?
False
Is 625 a factor of 3166875?
True
Does 335 divide 594290?
True
Is 32 a factor of 55584?
True
Is 4120260 a multiple of 138?
False
Is 491582 a multiple of 74?
True
Is 1175 a factor of 10736066?
False
Does 406 divide 2297168?
False
Is 165 a factor of 507045?
True
Is 234285 a multiple of 4?
False
Does 330 divide 383460?
True
Does 33 divide 4371708?
True
Is 6073320 a multiple of 86?
True
Does 272 divide 102912?
False
Is 222474 a multiple of 14?
True
Is 62 a factor of 446710?
True
Does 10 divide 426739?
False
Is 1762891 a multiple of 13?
T